0
What is -11 (base 2) in base 16?
-3
What is 233 (base 4) in base 6?
115
What is 6 (base 10) in base 9?
6
2000 (base 5) to base 8
372
11 (base 2) to base 10
3
Convert 4c (base 14) to base 6.
152
-11 (base 14) to base 4
-33
10 (base 4) to base 13
4
What is 3 (base 14) in base 15?
3
What is 7 (base 16) in base 4?
13
What is -12 (base 9) in base 10?
-11
Convert 5 (base 14) to base 5.
10
101 (base 2) to base 9
5
What is b7 (base 16) in base 3?
20210
33 (base 5) to base 14
14
1 (base 9) to base 6
1
-21 (base 5) to base 6
-15
What is -96 (base 14) in base 10?
-132
What is -123 (base 4) in base 5?
-102
a5 (base 11) to base 6
311
What is -2 (base 12) in base 3?
-2
123 (base 4) to base 8
33
What is -4 (base 7) in base 12?
-4
-1 (base 16) to base 6
-1
Convert 2012 (base 4) to base 5.
1014
Convert 30 (base 10) to base 6.
50
What is -32 (base 14) in base 11?
-40
Convert -311 (base 4) to base 9.
-58
What is -11111 (base 2) in base 14?
-23
28 (base 10) to base 7
40
What is -1 (base 9) in base 2?
-1
What is -207 (base 8) in base 15?
-90
-2 (base 7) to base 13
-2
Convert 3 (base 14) to base 8.
3
Convert 150 (base 6) to base 7.
123
What is -49 (base 16) in base 2?
-1001001
-4 (base 10) to base 14
-4
What is -134 (base 10) in base 7?
-251
What is -10 (base 3) in base 14?
-3
Convert -65 (base 7) to base 4.
-233
What is -1342 (base 5) in base 14?
-11c
1 (base 4) to base 13
1
-60 (base 10) to base 2
-111100
Convert 2 (base 14) to base 16.
2
What is 3 (base 7) in base 4?
3
Convert 4 (base 7) to base 8.
4
Convert 110 (base 6) to base 14.
30
Convert -202 (base 4) to base 10.
-34
What is -203 (base 5) in base 12?
-45
1212 (base 3) to base 16
32
-63 (base 9) to base 6
-133
What is 0 (base 5) in base 16?
0
-13 (base 5) to base 15
-8
What is 250 (base 7) in base 2?
10000101
Convert 42 (base 7) to base 11.
28
What is -32 (base 7) in base 2?
-10111
-200 (base 5) to base 15
-35
-4 (base 5) to base 11
-4
-141 (base 6) to base 16
-3d
What is 4 (base 15) in base 8?
4
What is -6 (base 11) in base 8?
-6
Convert 4 (base 10) to base 13.
4
What is -1310 (base 4) in base 16?
-74
What is 2 (base 16) in base 5?
2
Convert -100 (base 3) to base 6.
-13
Convert -110 (base 2) to base 5.
-11
Convert 2 (base 5) to base 8.
2
What is 12 (base 7) in base 9?
10
What is -122 (base 3) in base 4?
-101
-5 (base 15) to base 8
-5
-152 (base 6) to base 15
-48
0 (base 7) to base 2
0
Convert 2 (base 5) to base 3.
2
2 (base 9) to base 12
2
6 (base 9) to base 8
6
11 (base 2) to base 9
3
Convert -11 (base 10) to base 6.
-15
-2c (base 16) to base 13
-35
2 (base 8) to base 13
2
What is 221 (base 3) in base 16?
19
What is -8 (base 14) in base 5?
-13
What is 3b (base 16) in base 6?
135
Convert -212 (base 3) to base 10.
-23
Convert 312 (base 4) to base 11.
4a
Convert 10 (base 9) to base 12.
9
24 (base 10) to base 11
22
-101 (base 2) to base 15
-5
Convert 3 (base 15) to base 14.
3
What is 1400 (base 5) in base 13?
144
-221 (base 5) to base 16
-3d
What is 142 (base 5) in base 7?
65
Convert 19 (base 13) to base 5.
42
-5 (base 15) to base 5
-10
Convert -21 (base 6) to base 16.
-d
What is -1 (base 4) in base 8?
-1
What is 7 (base 13) in base 3?
21
1 (base 11) to base 4
1
What is 5 (base 14) in base 3?
12
What is 13 (base 7) in base 2?
1010
33 (base 13) to base 9
46
122 (base 4) to base 11
24
What is 10102 (base 4) in base 11?
22a
9 (base 11) to base 9
10
-10 (base 10) to base 15
-a
Convert -2 (base 10) to base 4.
-2
Convert 11 (base 16) to base 14.
13
What is 7 (base 10) in base 11?
7
24 (base 6) to base 16
10
5 (base 9) to base 13
5
Convert 0 (base 6) to base 5.
0
What is -1010 (base 3) in base 11?
-28
What is 25 (base 13) in base 2?
11111
Convert -22 (base 3) to base 6.
-12
6 (base 7) to base 16
6
-334 (base 6) to base 11
-109
Convert 10 (base 2) to base 9.
2
What is -1 (base 16) in base 15?
-1
111 (base 5) to base 15
21
101 (base 10) to base 7
203
201 (base 3) to base 15
14
What is -2 (base 12) in base 11?
-2
Convert -11 (base 9) to base 2.
-1010
Convert 0 (base 2) to base 14.
0
-4 (base 16) to base 2
-100
5b (base 13) to base 5
301
26 (base 11) to base 5
103
What is -110001 (base 3) in base 16?
-145
Convert -1 (base 4) to base 2.
-1
What is d (base 14) in base 4?
31
Convert 30 (base 12) to base 8.
44
Convert 2 (base 6) to base 10.
2
What is 71 (base 14) in base 7?
201
Convert -4 (base 5) to base 15.
-4
What is 76 (base 11) in base 7?
146
-8 (base 11) to base 3
-22
-4 (base 5) to base 2
-100
21 (base 11) to base 5
43
What is 6 (base 9) in base 8?
6
What is -8 (base 12) in base 5?
-13
What is 2 (base 14) in base 8?
2
What is -10000100 (base 2) in base 15?
-8c
Convert -4 (base 9) to base 7.
-4
Convert 0 (base 15) to base 9.
0
What is -30 (base 5) in base 6?
-23
Convert 1000 (base 2) to base 15.
8
What is 2 (base 8) in base 4?
2
Convert -23 (base 4) to base 10.
-11
What is 32 (base 9) in base 12?
25
Convert 1 (base 13) to base 14.
1
What is -234 (base 7) in base 9?
-146
b (base 13) to base 6
15
What is -51 (base 7) in base 16?
-24
What is 121 (base 12) in base 7?
331
10 (base 7) to base 9
7
Convert 7 (base 10) to base 6.
11
Convert 181 (base 9) to base 10.
154
Convert -113 (base 5) to base 8.
-41
4 (base 11) to base 7
4
Convert -20 (base 16) to base 12.
-28
Convert 3 (base 6) to base 14.
3
-2 (base 12) to base 16
-2
2 (base 9) to base 11
2
What is -102 (base 3) in base 15?
-b
-6 (base 16) to base 9
-6
What is -10 (base 5) in base 8?
-5
-3 (base 13) to base 6
-3
1 (base 3) to base 7
1
Convert -1101 (base 3) to base 10.
-37
21 (base 3) to base 13
7
What is 3 (base 15) in base 14?
3
Convert -4c (base 13) to base 7.
-121
-26 (base 9) to base 12
-20
Convert 3 (base 15) to base 7.
3
What is 7 (base 16) in base 8?
7
-d (base 14) to base 16
-d
What is 2 (base 16) in base 14?
2
4 (base 9) to base 11
4
What is 21 (base 7) in base 8?
17
Convert -3 (base 4) to base 16.
-3
-22 (base 7) to base 15
-11
-25 (base 10) to base 8
-31
2 (base 10) to base 13
2
121 (base 4) to base 11
23
What is -10 (base 11) in base 3?
-102
Convert -220 (base 6) to base 15.
-59
Convert 2 (base 6) to base 13.
2
Convert 21 (base 3) to base 16.
7
What is 6 (base 15) in base 4?
12
0 (base 10) to base 16
0
Convert -4 (base 13) to base 10.
-4
-c (base 15) to base 14
-c
-24 (base 7) to base 9
-20
-61 (base 8) to base 9
-54
What is -10 (base 2) in base 4?
-2
Convert 1b (base 14) to base 2.
11001
12 (base 6) to base 10
8
0 (base 16) to base 15
0
Convert 1000 (base 4) to base 11.
59
Convert 2e (base 16) to base 14.
34
3 (base 15) to base 11
3
What is 420 (base 7) in base 10?
210
-134 (base 6) to base 9
-64
What is 10 (base 3) in base 4?
3
What is -10 (base 6) in base 16?
-6
110 (base 3) to base 10
12
Convert -101 (base 2) to base 4.
-11
-75 (base 8) to base 14
-45
Convert 43 (base 7) to base 3.
1011
Convert -34 (base 13) to base 2.
-101011
58 (base 15) to base 9
102
-20 (base 8) to base 16
-10
3 (base 14) to base 16
3
-1124 (base 5) to base 16
-a4
3 (base 8) to base 6
3
e (base 15) to base 13
11
6 (base 7) to base 11
6
What is 80 (base 9) in base 16?
48
-1110101 (base 2) to base 3
-11100
What is 9c (base 13) in base 5?
1004
What is -1211 (base 4) in base 10?
-101
-426 (base 7) to base 5
-1331
Convert -1 (base 6) to base 15.
-1
-4 (base 10) to base 8
-4
81 (base 16) to base 10
129
Convert 22 (base 13) to base 6.
44
Convert -333 (base 4) to base 13.
-4b
Convert 20 (base 8) to base 10.
16
2 (base 11) to base 16
2
-2 (base 4) to base 9
-2
What is -74 (base 11) in base 15?
-56
What is 12 (base 4) in base 3?
20
11 (base 2) to base 15
3
-a (base 13) to base 8
-12
What is -126 (base 9) in base 12?
-89
Convert -10 (base 10) to base 5.
-20
What is -6 (base 8) in base 14?
-6
What is -23 (base 16) in base 8?
-43
Convert 1ab (base 12) to base 4.
10103
-1202 (base 4) to base 13
-77
Convert -1c (base 13) to base 4.
-121
What is -10 (base 8) in base 15?
-8
Convert -55 (base 15) to base 3.
-2222
Convert -1 (base 2) to base 14.
-1
10022 (base 3) to base 13
6b
What is 133 (base 4) in base 8?
37
Convert 23 (base 15) to base 7.
45
2 (base 14) to base 2
10
Convert -1 (base 11) to base 3.
-1
What is 3 (base 4) in base 14?
3
Convert 255 (base 7) to base 10.
138
1113 (base 5) to base 3
12212
Convert -6 (base 14) to base 15.
-6
Convert 0 (base 9) to base 7.
0
-3 (base 4) to base 12
-